x. Let q(y) = -7*y**2 - 5*y. Let g(r) = -4*o(r) + 3*q(r). Calculate g(1).
4
Let w(r) = r - 4. Let u be w(3). Let h be (0 + 3 + -3)*u. Let k(q) = q + 2. Calculate k(h).
2
Let j(x) = -x - 1. Let o be 4/10 + 56/10. Suppose o = -0*r + r. Let q be (3/r)/(3/18). Give j(q).
-4
Let h = 13 + -19. Let u(j) = -2*j - 4. Calculate u(h).
8
Let z(b) = b - 12. Let a be z(12). Let v(g) = -g**3 + g**2 - g - 1. What is v(a)?
-1
Let d(x) = 2*x + 8. Let o(z) = -z**2 - 5*z + 1. Let n be o(-3). Let q be d(n). Suppose -2*a = 3*i + 1 + 8, a + 5*i = -q. Let f(u) = 2*u - 1. Calculate f(a).
5
Let f(h) = -h**3 - 7*h**2 - 8*h - 6. Let v be f(-6). Let b be (-15)/(-10)*8/v. Let k(m) = -2*m**3 + 0*m**2 + 3*m**3 - m + 4*m**2 - b + 2*m. What is k(-2)?
4
Let u(t) be the third derivative of -2*t**2 + 1/120*t**6 + 1/60*t**5 + 1/24*t**4 + 0 + 0*t + t**3. Calculate u(0).
6
Let o be (-6)/(-18) + 62/(-6). Let d be (-16)/o - (-4)/10. Let u(l) = 0*l**3 + l**3 + l**2 + d + 0 + 2*l. What is u(-2)?
-6
Let x(t) be the second derivative of -t**5/20 + t**4/3 + t**3/6 - t**2/2 + 71*t - 1. Suppose 2*o + 7 = 3*u + o, -5*u + 2*o = -10. Determine x(u).
3
Let c(d) = 3*d**3 + d**2 + 1. Let p be c(2). Suppose -4*h - 4*w - p = w, 2*h + 2*w + 12 = 0. Let r(i) = -6*i. What is r(h)?
6
Let g(l) be the second derivative of l**5/20 + l**4/2 - l**3/2 - 9*l**2/2 - 31*l. Calculate g(-6).
9
Let b(t) = -t - 1. Let d = -8 + 11. Suppose -2*v + 3*v + d = 0. Let c = -5 - v. Calculate b(c).
1
Let w = 112 + -113. Let s(i) = -4*i**2. What is s(w)?
-4
Let q(i) be the third derivative of -4*i**2 + 1/2*i**3 + 0*i**5 + 0 + 0*i + 1/60*i**6 - 1/6*i**4. Calculate q(2).
11
Let y(t) = t + 1. Let x(f) = -2*f - 6. Let n(j) = -x(j) - 3*y(j). Determine n(3).
0
Let x = 7 + -6. Let z = 5 - x. Let i(q) = -3*q + 6. Determine i(z).
-6
Let z(p) = p. Let a(n) = -2 + 1 + 4. Let f(q) = a(q) - 4*z(q). Calculate f(2).
-5
Let i(d) = d. Let t(x) be the third derivative of -x**4/24 + x**3 - 3*x**2. Let s be t(7). Give i(s).
-1
Let s(f) = -6*f + 5. Let x(v) = 6*v - 6. Let m(b) = 7*s(b) + 6*x(b). Calculate m(2).
-13
Suppose -4*i = 5*u - 22, i - 9 = -3*u - 0. Let o(r) = -3*r - 7 + 6*r + i. Determine o(5).
11
Let d(t) = -t**3 - 3*t**2 + 2. Let k(o) = -2*o + 1. Let r be k(-1). Let g be (-2)/r - 12/9. Determine d(g).
-2
Let d(y) = y**2 + 5*y + 7. Suppose -4*f - f - 40 = 3*w, 3*f + 5*w + 40 = 0. Determine d(f).
7
Let s be 612/24 + 1/(-2). Suppose -20 = 5*d + 4*c, -d + 2*d = 5*c + s. Let g(l) be the third derivative of l**6/120 - l**5/60 + l**3/2 + l**2. Determine g(d).
3
Let w(f) = f**2 - 2*f + 6. Let u be w(0). Let m(x) = x - 7. What is m(u)?
-1
Let y(r) be the first derivative of r**3/3 + 7*r**2/2 + 5*r - 1. Let m be (-45)/6*4/5. Give y(m).
-1
Let p(u) = -5*u**2 - 9*u - 5. Let g(n) = 3*n**2 + 5*n + 3. Let o(h) = 7*g(h) + 4*p(h). Let w = 2 - 1. Determine o(w).
1
Let n(g) be the third derivative of -g**5/60 + g**4/12 + g**3/6 - g**2. Let v(y) = 6*y**2 - 10*y - 6. Let m(i) = 11*n(i) + 2*v(i). Give m(-2).
-1
Let f(w) = 9*w + 3 + 0*w - 5*w - 1 + w**2. Determine f(-3).
-1
Let q(h) be the second derivative of h**4/12 - 4*h**3/3 + 3*h**2/2 + h. What is q(6)?
-9
Let k be 8/(-20) - (-24)/(-15). Let g(y) = y**3 + 4*y**2 + 2*y + 3. What is g(k)?
7
Let f(w) = 2 + 6*w + 0*w**3 + 5*w + 4*w**2 + w**3 - 9*w. What is f(-3)?
5
Let a(f) = -f**3 - 7*f**2 - 7*f + 2. Let s(h) = h**3 - 10*h**2 + 10*h - 7. Let l be s(9). Suppose l = -5*d - 28. Give a(d).
8
Let x(v) = v**2 - 5*v + 3. Suppose -3*y + 72 = -9. Suppose 4*l - 24 = -c, -4*l - 7 + y = 0. Determine x(c).
-1
Suppose -23*l + 19*l + 20 = 0. Let n(d) be the third derivative of 0 + 1/3*d**4 - d**3 - 1/60*d**l + d**2 + 0*d. Give n(5).
9
Let i(y) be the first derivative of -y**6/120 - y**5/12 - y**4/8 - 5*y**3/6 - 5*y**2/2 + 3. Let t(q) be the second derivative of i(q). Give t(-4).
-9
Let w(u) be the first derivative of -u**4/4 + 4*u**3/3 - 5*u**2/2 + 5*u - 41. What is w(4)?
-15
Let f = 75 + -79. Let n(c) = 5*c - 2*c + 2*c + c**2 - 1. Calculate n(f).
-5
Let n(g) be the second derivative of g**4/12 - g**3/6 + g**2 - 12*g. Calculate n(2).
4
Let y(s) = s**3 - 2*s**2 - 2*s - 1. Let v(g) = g**3 + 3*g**2 - 3. Let d be v(-3). Let b be 2 - (3 + d + -1). Calculate y(b).
2
Let o(r) = -r**2 - 2*r - 4 + 3 - 2*r. Let x be o(-4). Let c be (x - -1 - 1) + -2. Let q(z) = -z**3 - 3*z**2 + z + 1. Calculate q(c).
-2
Let m(i) be the first derivative of i**3/3 - 5*i**2/2 - 4*i - 1. Calculate m(5).
-4
Let k = 8 - 3. Let i(v) = -v**3 + 6*v**2 - 3*v - 4. Determine i(k).
6
Let o(a) = a**2 - 5*a + 1. Let i be o(5). Let y(r) = 0 - r - i + 5*r**2 - r. Let l(g) = -2*g**2 + 2*g - 1. Let w be l(1). Determine y(w).
6
Let g(f) = 8*f. Let n(r) be the first derivative of 3*r**2/2 + 3. Let a(m) = -5*g(m) + 14*n(m). Calculate a(2).
4
Let n(t) be the third derivative of t**5/60 - t**4/24 - t**3/3 - 10*t**2. Give n(2).
0
Suppose -5*h - 485 = -2045. Let u be (-4)/(-18) + h/54. Suppose -j - u = j. Let v(x) = -x**3 - 5*x**2 - 5*x - 3. Give v(j).
-6
Suppose -2*t + 5*t - 12 = 0. Let h(z) be the third derivative of 0 + 1/60*z**5 + 3*z**2 - 5/6*z**3 + 0*z - 1/8*z**4. Determine h(t).
-1
Let d(c) = -c + 3. Let b be d(2). Let z(x) = -3*x**2 - x. Give z(b).
-4
Suppose -2*h - 1 = 1. Let t be 2/(2/(-3)) + h. Let o(x) = -6*x + 2 - 2*x**2 + 1 - 4. Give o(t).
-9
Let p(c) = c. Let j(o) = -6*o - 1. Let i(k) = -j(k) - 5*p(k). Give i(-7).
-6
Let s = 7 - 2. Let o(y) = 3*y + 0*y + s*y. Give o(-1).
-8
Let a(s) be the first derivative of s**4/4 + s**3 + 4*s - 5. Give a(-4).
-12
Let n(u) = u**2 + 5*u - 1. Suppose 4*j = 3*j + 5. Suppose 28 = -2*o - 3*o - k, j*k = 4*o + 34. Give n(o).
5
Let z(h) = -4*h - 1. Let o be (0 + -6)*1 - 0. Let l(w) = 2*w + 9. Let x be l(o). Determine z(x).
11
Let a(n) = 3*n**2 - 6*n - 8. Let l(v) = 13*v**2 - 25*v - 32. Let j(w) = -9*a(w) + 2*l(w). Determine j(6).
-4
Suppose 3*p + 44 = -2*d, 3*p + 0*d = -3*d - 45. Let y = p - -11. Let u(f) = -2*f**2 - 5*f - 2. Calculate u(y).
-5
Let j(i) = 5*i**3 + i - 1. Let g(p) be the second derivative of p**4/12 - 7*p**3/6 + p**2/2 - 2*p. Let d be g(7). What is j(d)?
5
Let i(s) = s**3 - 7*s**2 + 6*s + 6. Let o = -12 + 18. What is i(o)?
6
Let n(c) = -159*c**2 + 53*c**2 + 49*c**2 + 1 + 56*c**2. Suppose 0 = -3*m - 5*g - 5, 4*g = 3*m + 8*g + 4. Calculate n(m).
1
Let n(w) = 14 + 2*w - 5*w**3 - w + 4*w**3 - 10*w**2. Let i be n(-10). Let t(f) = 4 - i*f - 3*f + 6*f. Give t(-3).
7
Suppose 5*d = 11 - 1. Suppose 0 = -d*f + 10, 5*w - 42 = -4*f - 2. Let n(k) = -k**3 + 3*k**2 + 4*k - 1. Determine n(w).
-1
Let i(b) = 18*b - 2 - 65*b + b**2 + 20*b + 21*b. Determine i(7).
5
Let c(n) = -5*n**2 - 29 + 11 - n**3 - n + 19. What is c(-4)?
-11
Let y(w) = 18*w. Let i = 46 - 47. Give y(i).
-18
Let m(z) = z + 1. Let x(g) = g - 8. Let c be x(9). Let y(q) = 2*q + 1. Let a(j) = c*y(j) - 4*m(j). What is a(-4)?
5
Let m(d) = -d**2 + 5*d + 7. Let x be m(6). Let n(i) = 1 + 2 - x - 3*i**2 - 2*i + i**3. Let u(r) = -r**3 - 4*r**2 - 5*r - 3. Let c be u(-3). Calculate n(c).
-4
Let q(v) = v**3 - 33*v**2 + 32*v + 9. Let i be q(32). Let k(j) = -j**2 + 8*j + 1. Determine k(i).
-8
Suppose -4*w + 15 = 3*s, 3*w + 6 = 4*w + 3*s. Let q(l) = l**3 + 3*l + 2*l**2 + 0*l - w - 4*l**2 + 0*l**2. Suppose 0 - 2 = -j. Give q(j).
3
Let v(z) = -4*z**2 - 2*z**2 - 4*z - 2*z - 5 + 2*z**2 + z**3. Give v(5).
-10
Let j(b) = -5*b**3 - b**2 - b - 1. Suppose 3*u = 34 - 10. Suppose 4*g + 4*a = 8, -g - 2*a + u = -3*g. What is j(g)?
4
Suppose -13*l - 30 = -3*l. Let n(i) = -i**2 - 3*i - 1. What is n(l)?
-1
Let h(k) be the third derivative of k**2 + 1/3*k**3 - 1/24*k**4 + 0 + 0*k. Suppose -i - 2*i = -3. Determine h(i).
1
Let o(p) = -p**3 - p**2 - 2. Let m be o(0). Let k be 21/7 - 2/2. Let t(s) = -1 - s**3 - 1 - 96*s**2 + s + 95*s**k. Determine t(m).
0
Suppose -l + q = 9, -q - 2 = l - 1. Let g(s) = -s**2 - 4*s + 5. Give g(l).
0
Let m(o) = -3 + 5 + 3*o + 3*o - 5*o. Calculate m(-8).
-6
Let x = 24 + -17. Let s be 4/10 - x/5. Let d(j) = 2*j**2 + 2*j + 1. Give d(s).
1
Suppose 15 = 3*c, -5*m + 2*c + 3*c = 50. Let x(f) = -2*f - 7. Calculate x(m).
3
Let z(c) = -c**2 - 8*c - 3. Suppose 0 = 4*w + 23 - 7. Calculate z(w).
13
Let g(u) be the third derivative of u**5/120 - u**4/12 - u**3/6 - 4*u**2. Let z(k) be the first derivative of g(k). Calculate z(2).
0
Suppose -25 = 5*i, -4*i + 0 - 4 = -4*d. Let n(y) be 